 18859 composite?
False
Is 224923 prime?
False
Is 23713 a composite number?
True
Is 6843 composite?
True
Is 12781 composite?
False
Is 6609 a prime number?
False
Is 9901 a composite number?
False
Is 18635 prime?
False
Is 6353 composite?
False
Is 41723 a composite number?
True
Is 51587 composite?
True
Is 68273 composite?
True
Is 35421 a prime number?
False
Is 615143 composite?
True
Is 21059 prime?
True
Is 564827 composite?
False
Is 3761 a prime number?
True
Is 1718779 composite?
True
Is 12071 a prime number?
True
Is 8354 a prime number?
False
Is 157543 a composite number?
False
Is 10831 prime?
True
Is 38993 a prime number?
True
Is 10909 prime?
True
Is 454663 prime?
False
Is 35047 prime?
False
Is 9769 composite?
False
Is 86915 composite?
True
Is 78121 composite?
False
Is 1189 composite?
True
Is 29063 a composite number?
False
Is 434795 a prime number?
False
Is 85661 a prime number?
True
Is 114347 a composite number?
True
Is 340313 composite?
True
Is 333169 a composite number?
True
Is 305017 prime?
True
Is 6209 prime?
False
Is 200569 prime?
True
Is 29009 composite?
False
Is 87845 a composite number?
True
Is 1612727 a composite number?
False
Is 318557 a prime number?
True
Is 485191 a prime number?
False
Is 211283 composite?
False
Is 31303 a prime number?
False
Is 22457 a composite number?
True
Is 5648989 prime?
False
Is 73589 a composite number?
False
Is 87343 a prime number?
False
Is 1350058 composite?
True
Is 1733 a prime number?
True
Is 13021 a prime number?
False
Is 33895 prime?
False
Is 14503 prime?
True
Is 64837 composite?
True
Is 48301 a composite number?
True
Is 54217 a composite number?
False
Is 2127 a composite number?
True
Is 5583 a composite number?
True
Is 619793 a composite number?
False
Is 106987 a composite number?
True
Is 66293 composite?
False
Is 84562 a prime number?
False
Is 244847 a prime number?
False
Is 565151 prime?
False
Is 25561 composite?
False
Is 939707 a prime number?
True
Is 221321 a prime number?
False
Is 3863 a composite number?
False
Is 250109 a prime number?
True
Is 2633 prime?
True
Is 758923 prime?
False
Is 8509 composite?
True
Is 7981 composite?
True
Is 50261 a composite number?
False
Is 101095 prime?
False
Is 3155 a prime number?
False
Is 586153 a prime number?
True
Is 105071 composite?
False
Is 481067 a composite number?
False
Is 159567 a composite number?
True
Is 12323 a prime number?
True
Is 23509 a composite number?
False
Is 1361 a composite number?
False
Is 550079 composite?
True
Is 30963 a composite number?
True
Is 1097483 a prime number?
True
Is 1039507 composite?
True
Is 40381 prime?
False
Is 13747 prime?
False
Is 5431 a composite number?
False
Is 838213 a prime number?
False
Is 5647 composite?
False
Is 496669 a composite number?
False
Is 6469 prime?
True
Is 324113 prime?
True
Is 128189 prime?
True
Is 80897 prime?
True
Is 797887 composite?
False
Is 15121 a composite number?
False
Is 273679 a composite number?
True
Is 8209 prime?
True
Is 1264009 a prime number?
True
Is 20161 composite?
False
Is 157103 composite?
False
Is 51937 a prime number?
False
Is 13367 composite?
False
Is 18871 a prime number?
False
Is 621869 composite?
False
Is 6899 prime?
True
Is 23239 a composite number?
True
Is 81469 composite?
True
Is 15601 a composite number?
False
Is 368827 a composite number?
True
Is 3071 a prime number?
False
Is 10929 a prime number?
False
Is 29473 a prime number?
True
Is 23917 a prime number?
True
Is 64781 a prime number?
True
Is 123407 a prime number?
True
Is 530158 a composite number?
True
Is 623923 a prime number?
True
Is 2371 prime?
True
Is 320317 composite?
False
Is 35761 composite?
True
Is 7901 a composite number?
False
Is 2581 composite?
True
Is 179357 prime?
True
Is 97289 composite?
True
Is 105527 composite?
False
Is 32321 a composite number?
False
Is 4201 a prime number?
True
Is 115 prime?
False
Is 1176983 prime?
True
Is 27427 a prime number?
True
Is 572219 prime?
False
Is 206429 a prime number?
False
Is 1367 composite?
False
Is 408841 a prime number?
True
Is 8203 a prime number?
False
Is 84053 a prime number?
True
Is 156383 a composite number?
True
Is 8491 composite?
True
Is 38107 prime?
False
Is 1200845 prime?
False
Is 1367515 composite?
True
Is 158803 composite?
False
Is 1310251 a composite number?
False
Is 20021 a composite number?
False
Is 87239 a prime number?
False
Is 245237 a prime number?
False
Is 29917 a prime number?
True
Is 49891 a composite number?
False
Is 2999 a prime number?
True
Is 59107 composite?
False
Is 797429 a composite number?
False
Is 136787 composite?
True
Is 78569 a prime number?
True
Is 2189 a prime number?
False
Is 1681 a prime number?
False
Is 6913 a prime number?
False
Is 2705 composite?
True
Is 3497 prime?
False
Is 2826127 a prime number?
False
Is 23755 composite?
True
Is 18677 prime?
False
Is 17279 a composite number?
True
Is 15913 prime?
True
Is 37577 composite?
True
Is 9287 a prime number?
False
Is 359813 prime?
False
Is 264305 a composite number?
True
Is 177 prime?
False
Is 16307 prime?
False
Is 252749 composite?
True
Is 359783 a prime number?
True
Is 579427 composite?
False
Is 98207 a composite number?
False
Is 121747 prime?
False
Is 1921 composite?
True
Is 127 prime?
True
Is 18322 a composite number?
True
Is 673 a composite number?
False
Is 1057 a composite number?
True
Is 2237 a composite number?
False
Is 42037 a composite number?
True
Is 1397 prime?
False
Is 120703 composite?
True
Is 47339 composite?
False
Is 261773 composite?
False
Is 4713 a composite number?
True
Is 103 composite?
False
Is 1099 a composite number?
True
Is 1715059 prime?
True
Is 67 composite?
False
Is 828957 a composite number?
True
Is 3986 a composite number?
True
Is 1082527 a composite number?
False
Is 478039 a prime number?
True
Is 418271 a prime number?
False
Is 17337 a composite number?
True
Is 49439 a prime number?
False
Is 165811 a prime number?
True
Is 32089 a composite number?
False
Is 158557 a prime number?
False
Is 16847 composite?
True
Is 1039 prime?
True
Is 31667 a prime number?
True
Is 410653 prime?
False
Is 117643 a composite number?
False
Is 47473 composite?
True
Is 183611 composite?
False
Is 38261 composite?
False
Is 167929 prime?
False
Is 7711 prime?
False
Is 5033 prime?
False
Is 10639 composite?
False
Is 135091 a prime number?
False
Is 107981 a composite number?
False
Is 32114 a composite number?
True
Is 360623 prime?
False
Is 307 composite?
False
Is 171131 prime?
True
Is 45869 prime?
True
Is 5873 a composite number?
True
Is 37621 a composite number?
True
Is 6883 prime?
True
Is 2002301 composite?
True
Is 57093 a composite number?
True
Is 74127 a prime number?
False
Is 6667 prime?
False
Is 841541 composite?
False
Is 846949 a composite number?
False
Is 265313 a prime number?
True
Is 207187 a composite number?
False
Is 20954 composite?
True
Is 5899 a composite number?
True
Is 37709 prime?
False
Is 20077 a prime number?
False
Is 14923 a composite number?
False
Is 1189187 prime?
False
Is 74335 prime?
False
Is 3831 a prime number?
False
Is 16411 a prime number?
True
Is 1053809 a prime number?
True
Is 10441 a composite number?
True
Is 522317 a prime number?
True
Is 9233 prime?
False
Is 5837 composite?
True
Is 105137 composite?
False
Is 12191 a prime number?
False
Is 2174533 prime?
True
Is 62241 prime?
False
Is 5853 a prime number?
False
Is 65321 composite?
True
Is 186127 a composite number?
True
Is 1215017 composite?
False
Is 183761 a composite number?
False
Is 16183 a prime number?
True
Is 121309 composite?
False
Is 136109 a composite number?
True
Is 7993 composite?
False
Is 4999 a composite number?
False
Is 8933 a composite number?
False
Is 2467 composite?
False
Is 2321 prime?
False
Is 226691 a prime number?
True
Is 18857 a composite number?
True
Is 8059 prime?
True
Is 3833 a prime number?
True
Is 528217 composite?
False
Is 23251 prime?
True
Is 564617 composite?
False
Is 11435 prime?
False
Is 151597 composite?
False
Is 293 prime?
True
Is 140717 composite?
False
Is 31495 a composite number?
True
Is 1829 a prime number?
False
Is 467177 a composite number?
True
Is 26066 prime?
False
Is 332243 composite?
True
Is 19913 a composite number?
False
Is 23801 prime?
True
Is 507723 a composite number?
True
Is 341797 a prime number?
False
Is 488006 a composite number?
True
Is 4327 a pr